{"id":17744,"date":"2022-06-28T10:34:19","date_gmt":"2022-06-28T10:34:19","guid":{"rendered":"https:\/\/flowpackmachine.it\/video\/confezionare-frutta-e-verdura-con-espert\/"},"modified":"2025-06-30T11:10:09","modified_gmt":"2025-06-30T11:10:09","slug":"envasar-frutas-y-verduras-con-espert","status":"publish","type":"video","link":"https:\/\/www.italdibipack.com\/es\/video\/envasar-frutas-y-verduras-con-espert\/","title":{"rendered":"Envasar frutas y verduras con ESPERT"},"content":{"rendered":"<div class=\"entry-content-asset videofit\"><iframe loading=\"lazy\" title=\"Confezionare frutta e verdura con ESPERT\" src=\"https:\/\/player.vimeo.com\/video\/510752166?h=b1c70e9f94&amp;dnt=1&amp;app_id=122963\" width=\"720\" height=\"405\" frameborder=\"0\" allow=\"autoplay; fullscreen; picture-in-picture\" allowfullscreen><\/iframe><\/div>\n","protected":false},"featured_media":1981,"parent":0,"menu_order":819,"template":"","meta":{"_acf_changed":false,"_seopress_robots_primary_cat":"","_seopress_titles_title":"V\u00eddeo Frutas y Verduras ESPERT | ITALDIBIPACK","_seopress_titles_desc":"Vea c\u00f3mo envasar frutas y vegetales con la ESPERT. Sistema semiautom\u00e1tico con t\u00fanel para un acabado profesional.","_seopress_robots_index":"","_eb_attr":"","_gspb_post_css":"","_kad_blocks_custom_css":"","_kad_blocks_head_custom_js":"","_kad_blocks_body_custom_js":"","_kad_blocks_footer_custom_js":"","_eb_data_table":"","_kad_post_transparent":"default","_kad_post_title":"default","_kad_post_layout":"default","_kad_post_sidebar_id":"","_kad_post_content_style":"default","_kad_post_vertical_padding":"default","_kad_post_feature":"","_kad_post_feature_position":"","_kad_post_header":false,"_kad_post_footer":false,"_kad_post_classname":""},"settore_applicazione":[432],"qualita_video":[],"class_list":["post-17744","video","type-video","status-publish","has-post-thumbnail","hentry","settore_applicazione-frutas-y-verduras"],"acf":[],"taxonomy_info":{"settore_applicazione":[{"value":432,"label":"frutas y verduras"}]},"featured_image_src_large":["https:\/\/www.italdibipack.com\/wp-content\/uploads\/2022\/06\/Confezionare-frutta-e-verdura-con-ESPERT.jpg",640,360,false],"author_info":[],"comment_info":"","_links":{"self":[{"href":"https:\/\/www.italdibipack.com\/es\/wp-json\/wp\/v2\/video\/17744","targetHints":{"allow":["GET"]}}],"collection":[{"href":"https:\/\/www.italdibipack.com\/es\/wp-json\/wp\/v2\/video"}],"about":[{"href":"https:\/\/www.italdibipack.com\/es\/wp-json\/wp\/v2\/types\/video"}],"wp:featuredmedia":[{"embeddable":true,"href":"https:\/\/www.italdibipack.com\/es\/wp-json\/wp\/v2\/media\/1981"}],"wp:attachment":[{"href":"https:\/\/www.italdibipack.com\/es\/wp-json\/wp\/v2\/media?parent=17744"}],"wp:term":[{"taxonomy":"settore_applicazione","embeddable":true,"href":"https:\/\/www.italdibipack.com\/es\/wp-json\/wp\/v2\/settore_applicazione?post=17744"},{"taxonomy":"qualita_video","embeddable":true,"href":"https:\/\/www.italdibipack.com\/es\/wp-json\/wp\/v2\/qualita_video?post=17744"}],"curies":[{"name":"wp","href":"https:\/\/api.w.org\/{rel}","templated":true}]}}

Vídeo Frutas y Verduras ESPERT | ITALDIBIPACK

Vea cómo envasar frutas y vegetales con la ESPERT. Sistema semiautomático con túnel para un acabado profesional.
